 base 2?
-1010011101000101
What is -51ed3 (base 15) in base 5?
-31303343
1217730 (base 9) to base 5
132134142
1aaba (base 14) to base 8
204614
Convert 1264144 (base 8) to base 6.
11332432
Convert -1172788 (base 9) to base 15.
-c92d2
-12561465 (base 7) to base 16
-11aaec
-1113243100 (base 5) to base 4
-21130331030
Convert 12032101 (base 7) to base 9.
2005311
Convert 512233 (base 6) to base 12.
1b679
Convert 65a9a (base 11) to base 10.
95820
What is -10310202102 (base 4) in base 13?
-3532b6
856c6 (base 16) to base 14
10323c
What is -88833 (base 9) in base 16?
-e676
-455039 (base 11) to base 9
-1323252
-465562 (base 10) to base 16
-71a9a
Convert 12222022220 (base 3) to base 2.
11100101101101001
What is -73ba63 (base 13) in base 8?
-12256220
Convert 1214514123 (base 6) to base 12.
4805943
Convert -241347 (base 10) to base 7.
-2023431
-56d88 (base 14) to base 8
-634414
What is -1ca902 (base 13) in base 7?
-6161125
2125446 (base 7) to base 16
3f324
Convert -153948 (base 11) to base 13.
-84c68
-101100010000001 (base 2) to base 9
-34064
What is -20466515 (base 7) in base 14?
-330bb5
Convert 660604 (base 7) to base 2.
11100001101011010
200155024 (base 7) to base 15
1035367
What is 1011100111011111001 (base 2) in base 11?
23aaaa
2823920 (base 11) to base 10
4865916
Convert 11223300011 (base 4) to base 10.
1489925
What is -40443010 (base 5) in base 12?
-1398b4
Convert 1221111222220 (base 3) to base 11.
646715
What is 1103002201 (base 4) in base 6?
11142401
What is -10101120010 (base 3) in base 7?
-365412
Convert -113023023 (base 4) to base 10.
-94923
What is -435865 (base 13) in base 11?
-9915a1
What is -22da7 (base 14) in base 3?
-11022121201
What is -42002334 (base 6) in base 11?
-75989a
Convert 22034221 (base 5) to base 13.
685b6
-333aa17 (base 11) to base 3
-102000112022220
What is -3002314340 (base 5) in base 14?
-ad883a
What is 8a3610 (base 12) in base 15?
2d80d6
-7a570 (base 12) to base 11
-101707
Convert -132031404 (base 5) to base 13.
-1a0878
Convert -221233221 (base 6) to base 2.
-1111001101001000001101
-30e5e (base 16) to base 12
-97aa6
Convert -215052 (base 6) to base 13.
-8237
-2160650 (base 10) to base 4
-20033200022
Convert 3412656 (base 9) to base 15.
264da0
What is 142133314 (base 5) in base 2?
10110100100111111010
15325501 (base 9) to base 11
43449aa
Convert e083bc (base 16) to base 13.
30822ab
3bddb (base 16) to base 3
110110100220
Convert 263359 (base 13) to base 3.
1201210112201
What is 55b387 (base 12) in base 10?
1367383
-1010110001101001 (base 2) to base 3
-2020112201
-101111000001011100110 (base 2) to base 15
-206828
-136423020 (base 7) to base 9
-17858376
2a424 (base 12) to base 16
e7dc
Convert -50524417 (base 8) to base 7.
-156416020
Convert -21251142 (base 6) to base 12.
-263ab2
446086 (base 12) to base 10
1088742
-213435335 (base 6) to base 16
-3a37ab
What is 5b336c (base 13) in base 6?
114402304
What is -1466208 (base 9) in base 4?
-3012020123
1220222104 (base 5) to base 2
1011000011100111100100
Convert 15257777 (base 8) to base 7.
41506126
-88ca8 (base 13) to base 8
-744646
Convert 59302a (base 11) to base 15.
138c69
What is -20613601 (base 7) in base 3?
-10021222211001
What is -373564 (base 12) in base 5?
-212211003
What is 9354 (base 11) in base 7?
51104
What is -916d0 (base 15) in base 10?
-460545
-2000212120 (base 3) to base 5
-2240002
Convert -2112120 (base 8) to base 6.
-20015012
What is -c57c (base 15) in base 16?
-a30e
What is 13917d (base 14) in base 13?
1a9838
-32200201 (base 5) to base 14
-71154
What is 241255 (base 8) in base 7?
462555
254221335 (base 6) to base 16
4bbebb
Convert -1743747 (base 13) to base 6.
-425440053
Convert -5a1aaa (base 11) to base 3.
-1210111002102
What is -36c731 (base 13) in base 9?
-2420772
da0b7 (base 14) to base 13
155b52
656151 (base 7) to base 14
2dc98
-215c2 (base 15) to base 7
-620561
-101011000110001000 (base 2) to base 3
-22222010210
What is -11110002120 (base 3) in base 6?
-1513153
What is 177827 (base 9) in base 6?
2212424
What is -25411245 (base 7) in base 15?
-308159
What is 12975673 (base 10) in base 5?
11310210143
What is -85a03 (base 12) in base 5?
-21112341
Convert -40310553 (base 6) to base 14.
-21b19b
What is 456646 (base 7) in base 16?
13ed3
What is a4d0c (base 15) in base 6?
15111503
-5711b1 (base 12) to base 2
-101010011101011010101
Convert -3571770 (base 9) to base 14.
-385bca
What is ca544 (base 16) in base 9?
1502732
What is 1022334 (base 7) in base 5?
12421214
Convert 478aa (base 12) to base 8.
274102
72321 (base 16) to base 10
467745
4bdb0 (base 16) to base 7
2432562
-6c0a1 (base 16) to base 11
-28252a
What is -1202663 (base 7) in base 14?
-3d6da
-4241c (base 13) to base 4
-131020223
Convert 11224140 (base 5) to base 9.
164565
Convert 4b459 (base 14) to base 8.
550607
Convert 8374a (base 11) to base 6.
2340530
What is -554410230 (base 6) in base 4?
-212031201222
What is 2201212010002 (base 3) in base 13?
3bb8aa
What is 307654 (base 8) in base 11?
6a965
-33874a1 (base 12) to base 5
-10012230004
What is -21254351 (base 8) in base 15?
-5eb8d0
What is -21023 (base 15) in base 4?
-121203102
Convert 1230332 (base 6) to base 9.
110752
121103103222 (base 4) to base 3
110110222022220
59846 (base 11) to base 13
3030c
143104132 (base 5) to base 16
b8003
-100101021110 (base 3) to base 2
-101101000100111110
What is 222221111102 (base 3) in base 16?
817a9
-1100110111010110001100 (base 2) to base 13
-911027
What is -649a9 (base 12) in base 3?
-20202002210
What is 10203031212 (base 4) in base 12?
496346
201222021221 (base 3) to base 14
a33bb
What is -158905 (base 11) in base 9?
-414401
-55026 (base 8) to base 4
-11220112
Convert -82618 (base 11) to base 3.
-20010100021
Convert -1022202011 (base 3) to base 9.
-38664
Convert 5b5357 (base 14) to base 10.
3126081
Convert -5811032 (base 11) to base 13.
-214a663
451225 (base 8) to base 12
74105
Convert -36cf9d (base 16) to base 10.
-3592093
c4b91 (base 13) to base 9
587814
-36628 (base 14) to base 8
-403474
552760 (base 11) to base 7
10332350
Convert -9115 (base 13) to base 8.
-46770
What is 12121222222122 (base 3) in base 15?
3e16db
26361602 (base 7) to base 12
987692
39d60f (base 16) to base 13
a29316
What is 1542613 (base 7) in base 13?
75811
7b976 (base 16) to base 15
9eeda
221112120222111 (base 3) to base 13
2a73102
What is 3225555 (base 7) in base 9?
658530
Convert 8a553 (base 11) to base 15.
28ca1
Convert 320244 (base 11) to base 16.
7d2d5
Convert 10000111100011010010101 (base 2) to base 6.
235111353
101000001011101100011 (base 2) to base 4
11001131203
-85518 (base 15) to base 10
-423023
What is -135397 (base 10) in base 9?
-225651
Convert -127254 (base 8) to base 11.
-30661
What is -133421634 (base 7) in base 2?
-100001000010100001001101
2300411 (base 6) to base 9
187177
What is -3353020 (base 6) in base 4?
-221213010
What is 8520b (base 13) in base 4?
322203032
Convert -4756478 (base 11) to base 5.
-4110422421
Convert -12335130 (base 6) to base 16.
-620be
What is -529c6b (base 13) in base 3?
-10122022222100
Convert -327e1 (base 16) to base 12.
-9b829
What is 2210202001020 (base 3) in base 14?
2ab446
What is 21ac479 (base 13) in base 10?
10337661
Convert -23776105 (base 9) to base 4.
-230111320313
-2e871 (base 15) to base 7
-1164334
-9a705 (base 11) to base 2
-100011101000001011
10132103 (base 5) to base 8
242713
314126 (base 8) to base 2
11001100001010110
Convert -404205 (base 8) to base 3.
-20202210022
What is 129312 (base 10) in base 7?
1046001
What is -4bacac (base 14) in base 9?
-4807678
What is 911cc (base 14) in base 11?
21911a
Convert -142055222 (base 6) to base 11.
-1701063
1100000100110010100010 (base 2) to base 6
151502214
Convert -2616910 (base 11) to base 5.
-2130030110
585719 (base 12) to base 10
1419717
What is -28a602 (base 12) in base 5?
-133303243
Convert 102102234 (base 7) to base 11.
3440220
Convert -52606 (base 14) to base 7.
-1455306
Convert -1e1a63 (base 15) to base 10.
-1473843
Convert -24241121 (base 6) to base 16.
-bb609
Convert -776638 (base 9) to base 13.
-133370
32a39 (base 14) to base 6
2344135
Convert -10011001101111001000 (base 2) to base 15.
-c68a4
-2b2f6 (base 16) to base 7
-1334463
9d5bb (base 15) to base 12
201995
What is 224124423 (base 5) in base 6?
33312420
32d24d (base 14) to base